 = q + 4. Calculate the greatest common divisor of z and g.
1
Let l(i) = 4*i**2 - 29*i - 265. Let c be l(23). What is the highest common factor of 160 and c?
32
Let l = 51 + -47. Let q(w) = 0*w - w**3 + 15 - 52 - w + 16*w**2 + l*w. Let y be q(16). What is the highest common factor of y and 55?
11
Let k be (27/(-6))/(198/33 + (-2457)/408). Calculate the greatest common factor of 30396 and k.
204
Let g(f) = -f**3 + 2*f**2 + 2*f + 4. Let v be g(3). Let j be 12 - -1*(4 - v). Let l = 5 - -55. What is the greatest common factor of l and j?
15
Let i be 3/14 - 11099*(-5)/70. What is the greatest common divisor of 2074 and i?
61
Let t = 35585 - 35584. Suppose 0 = -4*r - 6*q + 3*q + 215, -2 = -2*q. Calculate the highest common factor of t and r.
1
Let f = -3200 - -3297. Calculate the highest common divisor of f and 2910.
97
Suppose 58*k = 44*k + 79520. Calculate the greatest common divisor of k and 80.
80
Let j = -22261 - -23031. What is the highest common factor of 4466 and j?
154
Suppose 24*p = -2*p + 7*p + 1482. Calculate the greatest common divisor of 130 and p.
26
Suppose 16*w + 0 = -0. Suppose -4*h + 205 = 5*t, -t + 0 - 3 = w. Let d = -26 - -48. What is the highest common factor of d and h?
11
Suppose -3*n - 33 + 16 = -j, j + n - 29 = 0. Let o = -48 - -178. Calculate the greatest common factor of o and j.
26
Suppose 5*c - c = 460. Let k = c - 79. Calculate the highest common factor of 36 and k.
36
Suppose -97*z + 93*z - 1020 = -3*h, 4*h - z = 1360. What is the highest common factor of 272 and h?
68
Let k = 60 + -66. Let u be (k/(-15))/((-3)/(-1590)). What is the highest common factor of u and 53?
53
Suppose 5 = i - 3. Let x = -143 - -91. Let n be (-304)/(-3)*6*(-13)/x. Calculate the highest common divisor of n and i.
8
Let d = 188 - 103. Suppose -7*r = -12*r + u + 430, u - 165 = -2*r. Calculate the highest common divisor of d and r.
85
Suppose 15*n - 26*n = 7*n - 1458. What is the highest common factor of n and 162?
81
Suppose 0 = -44*z + 21*z + 2431 + 3365. Calculate the highest common factor of z and 5376.
84
Let l = -39 + 65. Let y = l - 25. Let w be (-6*3/3)/(6/(-9)). What is the greatest common divisor of w and y?
1
Suppose -163*h + 207*h = 3696. Let i be (-7)/(7/32)*12/(-8). What is the greatest common divisor of i and h?
12
Let r be -60 - (-5 + 4 + -3). Let u be (r/42)/((-1)/(-3)). Let i(c) = c**3 + 6*c**2 + 8*c + 10. Let b be i(u). What is the highest common divisor of b and 5?
5
Suppose b + 7 = 0, -209 - 308 = -4*f - 5*b. Calculate the greatest common factor of 253 and f.
23
Suppose -r + 2*r - 3 = 0. Let m be -3 - r/((-12)/476). Let x = m + -61. What is the highest common factor of x and 5?
5
Let m(l) = 38*l - 807. Let c be m(0). Let k = 810 + c. What is the greatest common divisor of k and 93?
3
Suppose 1310 = -62*a + 4601 + 801. Let i(x) = -4*x**3 - 6*x**2 - 3*x - 6. Let y be i(-6). Calculate the highest common divisor of a and y.
66
Let u(n) = -n + 18. Let y be u(3). Suppose 0 = 5*l + 6*w - 3*w + y, 2*l - w - 5 = 0. Let i be 8/(-2) - (-10 - l). What is the highest common factor of i and 8?
2
Suppose 16*p - 476 = -380. Suppose -k - p + 12 = 0. Calculate the highest common divisor of k and 8.
2
Suppose 11*f = 6*f - 2*b + 1102, 5*b = 3*f - 655. Let t = f + -208. Calculate the highest common divisor of t and 96.
12
Let z(q) = 420*q - 780. Let c be z(2). Calculate the highest common divisor of c and 300.
60
Let y(r) = -7*r + 152. Let b be y(8). Suppose -14*m + 17*m = b. Calculate the greatest common divisor of m and 144.
16
Suppose 0 = 3*v + f - 535, 5*v + 19*f = 18*f + 895. Calculate the highest common factor of 1320 and v.
60
Let c = 530 + -68. Let j = c + -442. What is the greatest common divisor of 20 and j?
20
Let w be (-2)/(-8) + -19*(-3)/12. Let f(b) = -1 - 5*b + 19*b**2 + 9 + b**3 - 23*b**2. Let d be f(w). What is the highest common divisor of d and 8?
8
Let k be 2 - -3*20/15. Let r(a) = a**2 - 3*a - 2. Let s be r(14). Let x = s - 56. Calculate the highest common factor of k and x.
6
Let s(a) = 898*a + 140. Let k be s(0). What is the greatest common divisor of k and 220?
20
Suppose -16*v + 22*v - 42 = 0. Let q(r) = -13*r - v + 32*r - 6*r - 15*r. Let k be q(-8). What is the highest common divisor of 3 and k?
3
Let q(i) = -21*i - 36. Let v = -72 - -68. Let u be q(v). Calculate the greatest common factor of 80 and u.
16
Let n(k) = k**3 - 22*k**2 + 6*k + 330. Let b be n(22). Calculate the greatest common factor of 189 and b.
21
Suppose 10*w + 74010 - 80370 = 0. Calculate the greatest common factor of w and 324.
12
Suppose 4*z - 62 = -l, 4*z - 1725 = l - 1843. Calculate the highest common factor of l and 25.
5
Suppose -4*l - c - 509 = 0, -2*l + 0*l + 5*c = 271. Let a = l + 194. What is the highest common factor of a and 22?
22
Suppose 2347 = -81*c + 67471. What is the highest common factor of c and 8?
4
Let j(b) = -3*b**2 + 8*b + 8. Let u be j(-2). Let k be ((-96)/u)/(((-9)/130)/(-3)). What is the highest common divisor of k and 48?
16
Let y(q) = 28*q**2 - 183*q - 1. Let h be y(7). What is the greatest common factor of h and 20?
10
Let u be ((-40804)/(-606))/((-3)/(-738)). Calculate the greatest common factor of u and 82.
82
Let b = 576 - 560. Let x(s) = s**2 + 13*s - 42. Let n be x(-19). What is the highest common factor of n and b?
8
Let g be (-8)/1*42/84. Let j be 59 - (-6 - 14)/g. Calculate the highest common factor of 918 and j.
54
Suppose -183 + 210 = 3*k - 3*f, k = -4*f - 1. Let w = -13 - -14. Calculate the greatest common divisor of k and w.
1
Let l(h) be the second derivative of h**5/20 - 5*h**4/2 + 7*h**3/3 - 101*h**2/2 + 13*h + 2. Let q be l(30). What is the highest common divisor of q and 11?
11
Let z = 90 - 91. Let i be z/((-4)/16 + (-111)/(-468)). What is the greatest common divisor of i and 52?
26
Let y = 7402 + -7348. Calculate the greatest common divisor of y and 258.
6
Suppose 0 = -285*t + 287*t - 10. Let o be (-2)/8 - (-492)/48. Suppose 0*c - o = -c. Calculate the greatest common factor of c and t.
5
Let l(k) = 37*k**3 + 3*k**2 + 11*k + 81. Let p be l(7). Calculate the highest common factor of p and 108.
36
Let n = -2773 - -2783. Calculate the greatest common divisor of n and 1730.
10
Let s(n) = n**3 - 10*n**2 - 15*n + 2. Let w be s(11). Let t = w - -72. Let b = 43 - t. What is the highest common factor of b and 13?
13
Suppose 3*m = -4*s + 24229, 78*m - 73*m - 4*s - 40435 = 0. What is the highest common factor of m and 137?
137
Let o = -14 + 22. Let c be 343*(-2)/(-12) - 2/12. Suppose -c*z = -53*z - o. Calculate the greatest common divisor of 26 and z.
2
Let s = 697 - 298. Let c = -264 + s. Suppose 5*n + 12 = 3*q + 143, 5*n - 5*q - c = 0. What is the highest common factor of 10 and n?
5
Suppose -35 = -8*w + 37. Suppose 29 = 2*g + b, 7 = g + b - w. Calculate the greatest common divisor of g and 117.
13
Let p be (-20)/(-6)*((-429)/22)/(-13). Suppose -2*v + 34 = 2*x, -5*v + 5*x + 81 = 16. Calculate the highest common factor of v and p.
5
Suppose 669349 = 26*a + 666385. Let i(m) = 5*m + 2. Let d be i(2). Calculate the highest common factor of a and d.
6
Suppose n = 444 - 311. Let o = -8 - -15. What is the greatest common factor of n and o?
7
Let m(k) = 20*k**2 + k**3 + 14*k + 351 + 379 - 786 + 10*k. Let s be m(-18). What is the highest common factor of s and 40?
40
Suppose 4*b + 5*m = 83, 26*b + 3*m = 30*b - 59. Calculate the highest common divisor of b and 5.
1
Suppose 0 = -4*d + 215 + 65. Suppose -2*k + 5*q + 1307 = 1217, 0 = -2*q - 4. Calculate the highest common factor of k and d.
10
Let h = 224 + -489. Let a = 32 - h. Let v(q) = q**3 - 51*q**2 + 3*q - 126. Let g be v(51). Calculate the greatest common factor of g and a.
27
Suppose -83*s + 117*s - 18734 = 0. Calculate the greatest common factor of s and 19.
19
Let v = 9884 + -9840. What is the greatest common divisor of 748 and v?
44
Let u be (-100)/(-5) + 1743819/33. Calculate the highest common divisor of 201 and u.
201
Let t be 58 - 9 - (13 + -9 - -5). Let h = 3 + 2. Calculate the highest common divisor of h and t.
5
Suppose 70*d + 73*d - 1187 = 1959. What is the highest common divisor of d and 2750?
22
Suppose -13*k + 10*k = 3, -l = k - 149. Calculate the greatest common factor of 4425 and l.
75
Let g be 3*((-825)/297)/(2/(-132)). What is the highest common fa